he prime factors of y(i).
13
Suppose -3*k - 78 = -1263. Suppose -2*o - 3*o = -k. What are the prime factors of o/3 - 6/(-9)?
3
Let x(p) = 3*p**2 + 4*p - 1. Let b be x(4). Let g be 14/b + (-32)/(-18). Suppose 0 = -5*q - 4*z + 61, 5*q - 67 + g = -5*z. List the prime factors of q.
3
Let p(h) = h - 6. Let b be p(-6). Let w = b - -27. What are the prime factors of (w + -9)*(-1)/(-2)?
3
Let n be (-1 - -2)/((-53)/18 - -3). Let t be (-82)/(-8) - (-2)/(-8). Let j = n - t. What are the prime factors of j?
2
List the prime factors of ((-3472)/98)/(2/(-7)).
2, 31
Let d(j) = j**3 + 10*j**2 - 8*j + 22. Let s be d(-11). Let t = -7 - s. What are the prime factors of t?
2
Let w be (2 + 2 + -4)/2. Suppose 5*i + 3*i - 304 = w. List the prime factors of i - 1/(-2)*0.
2, 19
Suppose -16*s + 80 = -11*s. What are the prime factors of (45/(-6))/((-6)/s)?
2, 5
Let p(k) = 2*k + 16. Let i = -45 + 54. What are the prime factors of p(i)?
2, 17
Let z = -280 - -594. List the prime factors of z.
2, 157
Suppose -5*y + 15 = -0*y. Suppose -2*d = 4*x - 282, 2*d - d - y = 0. What are the prime factors of x?
3, 23
Let n = 35 - -12. What are the prime factors of n?
47
Let h be -9*(-3 - (-44)/12). List the prime factors of (-6280)/(-35) + 1*h/14.
179
List the prime factors of 9/(135/(-2240))*(-17 + 14).
2, 7
Suppose 1510 - 478 = 3*p. List the prime factors of p.
2, 43
Let p(m) = m**3 + 10*m**2 - 15*m - 84. What are the prime factors of p(-10)?
2, 3, 11
Suppose -35*l = -26*l - 3762. List the prime factors of l.
2, 11, 19
Let t(z) = 5*z**2 - 74*z + 2. What are the prime factors of t(35)?
3, 131
Suppose 1285 = 2*n - 5*q, 4*n - q - 1824 - 773 = 0. What are the prime factors of n?
2, 5, 13
List the prime factors of (-2)/((-14)/(-3)) - 113301/(-63).
2, 29, 31
Let n = 1408 + -881. List the prime factors of n.
17, 31
Suppose -70 - 8 = -t + 2*c, 2*t + 5*c = 120. Let i = t + -53. List the prime factors of i.
17
Let z = -161 - -835. List the prime factors of z.
2, 337
Suppose 3*c - c = 0. Let y be 5*-5 + (-2 - -4). Let s = c - y. What are the prime factors of s?
23
Suppose -51*d + 56*d = 60. Let m be (-3 + 2)*(5 - -1). Let r = m + d. What are the prime factors of r?
2, 3
Let k be (16 + 0)/4 + (3 - 7). Suppose k = -0*n + 3*n - 90. What are the prime factors of n?
2, 3, 5
Let m(n) = -134*n - 19. What are the prime factors of m(-12)?
7, 227
Suppose 15*a + 5*t = 10*a + 375, -2*a + t + 141 = 0. What are the prime factors of a?
2, 3
Let h(s) = -s**2 + 1. Let u(a) = -10*a**2 + a - 2. Let k(r) = 4*h(r) - u(r). List the prime factors of k(-3).
3, 7
Let r(q) = -7*q**2 + 15*q + 4 + 13*q**2 - 7*q**2 + 6. Let y = -15 + 29. What are the prime factors of r(y)?
2, 3
Let c(b) be the second derivative of 5*b**4/3 - 2*b**3 - 3*b**2/2 - 35*b. List the prime factors of c(4).
269
Let c = 99 - -42. What are the prime factors of c?
3, 47
Suppose -4 = -s + 6. Suppose -5*z + s + 10 = 0. Suppose z*q - 190 = -q. What are the prime factors of q?
2, 19
Let v = -11 - -307. List the prime factors of v.
2, 37
Let r = -319 - -395. List the prime factors of r.
2, 19
Suppose 7312*v - 7322*v = -18160. List the prime factors of v.
2, 227
Suppose -3*z + 990 = 3*l - 1152, -3*l - 5*z + 2152 = 0. List the prime factors of l.
709
Let h(l) = 9*l - 105 + 165 - 3*l. List the prime factors of h(16).
2, 3, 13
Let c be (-2)/(-9) - (-430)/90. Suppose -284 = c*i - 7*i. List the prime factors of i.
2, 71
Suppose 3*n - 9 = 2*d - 0*d, -n = d - 3. Suppose 12*t - 17*t + 340 = d. What are the prime factors of t?
2, 17
Let h be (((-1136)/(-6))/(-8))/(2/(-12)). Let c = h + -128. List the prime factors of c.
2, 7
Suppose -4*q + 657 = 193. Let y = 21 + -15. Suppose 10*b = y*b + q. List the prime factors of b.
29
Suppose -2*r + 23 = l, -2*r - 152 = -4*l + 2*r. Let p = 34 - l. List the prime factors of (-9)/27*p*-123.
41
Let u = 59 + -135. Let v = -36 - u. What are the prime factors of v?
2, 5
Let p(f) = -5*f + 15. Let g be p(2). Suppose 0 = g*u - 2*y - 534, -2*y = -y + 2. List the prime factors of u.
2, 53
Suppose j - 56 = o, -237 + 40 = -4*j - 5*o. Suppose -10 = z - j. List the prime factors of z.
43
Let d be (0 - 3)/((-1)/6). Let f(b) = -b**2 + 25*b - 21. List the prime factors of f(d).
3, 5, 7
Let n(b) = 8*b**2 + 11*b + 22. What are the prime factors of n(8)?
2, 311
Suppose -180 + 850 = 5*a. Suppose 0 = 2*m - 50 - a. What are the prime factors of m?
2, 23
Let w be 2*1/14 + (-18029)/77. List the prime factors of -3 + 5 + w/(-2).
7, 17
Let a = -434 + 692. What are the prime factors of a?
2, 3, 43
Let n(c) = c**3 + 7*c**2 + 7*c + 13. Let s be n(-6). Suppose -8*p - 2 = -s*p. List the prime factors of (-2)/p - (-7 - 28).
2, 3
Let n be (-565)/(-20) + (-2)/8. Let u = 31 + 4. List the prime factors of (n/u)/(1/5).
2
Let a(i) = i**3 - 7*i**2 + i + 4. Let w be a(7). Let c = w - -45. Suppose -4*j - l = 19 - 127, -l + c = 2*j. What are the prime factors of j?
2, 13
Let c be -1*1*(-58 - 3). Suppose 0 = -c*l + 60*l + 149. What are the prime factors of l?
149
Suppose -19*g + 18*g + 773 = 0. List the prime factors of g.
773
Let k(r) = -34*r + 6. Let y = 104 - 107. List the prime factors of k(y).
2, 3
Let d(a) = -2*a**3 + 21*a**2 + 15*a + 12. List the prime factors of d(10).
2, 131
Let q(a) = -a**2 + 42*a - 226. What are the prime factors of q(24)?
2, 103
Suppose -6*s - 2 = -7*s. Suppose s*p + q + 9 = 3*p, 5*p + 4*q - 63 = 0. Suppose -48 = -p*m + 10*m. List the prime factors of m.
2, 3
Suppose -5*f + 10*f + 5*p - 185 = 0, 0 = -p + 3. Let w = -84 + f. Let o = -34 - w. What are the prime factors of o?
2
List the prime factors of 926 - (0 + -5)/(3 + -2).
7, 19
Suppose 0 = -4*s - 16, 1 = 3*n + s - 1. Suppose n*t - 2*c - 211 = 181, 0 = c + 5. List the prime factors of t.
191
Let x = 1096 + -934. List the prime factors of x.
2, 3
Let j = 2 + -2. Suppose j = -3*b - 2*b + 10. Suppose -2*i - 74 = -b*q, -3*q + 151 = 3*i + 22. What are the prime factors of q?
2, 5
Let t(g) = -29*g + 44. List the prime factors of t(-9).
5, 61
Suppose 11 = 4*y + 3. Suppose -4*n + 11 = o, -5*n = -2*o + y - 19. List the prime factors of 29 + (o + -5 - -3).
2, 13
Suppose -114*g + 156895 + 252023 = 0. List the prime factors of g.
17, 211
Let x = 9085 + -4766. What are the prime factors of x?
7, 617
Let w(c) = -c**3 + 5*c**2 + c - 1. Suppose -2*r - 3*r = -3*g - 5, 30 = 5*r + 2*g. What are the prime factors of w(r)?
19
Let n = 15 + 0. Suppose 5*z + n = 0, -3*i + 0*i + 5*z + 30 = 0. Suppose 44 = 4*q - i*w, -q - q = -5*w - 12. List the prime factors of q.
2
Suppose 2*x - 1686 = -3*q, -2*x + 312 = -4*q + 2574. Suppose c + q = 4*p, p - 126 = -c + 5*c. List the prime factors of p.
2, 71
Let z(g) = -g**2 + 14*g - 22. Let n be z(18). Let m = -58 - n. List the prime factors of m.
2, 3
Suppose -85*v + 74*v = -27896. List the prime factors of v.
2, 317
Suppose 55 = v - 35. Let m = v + -10. List the prime factors of m.
2, 5
What are the prime factors of (-10 - (-2830)/(-20))/((-1)/2)?
3, 101
Let h(p) = -57*p**3 - 35*p**2 + 15*p. Let v(d) = -19*d**3 - 12*d**2 + 5*d. Let f(x) = -6*h(x) + 17*v(x). List the prime factors of f(2).
2, 83
Let b(i) = -i**2 + 3*i + 8. Suppose -2*q = -3*q + 4. Let v be b(q). Suppose -2*m = -2*c - 0*m + 96, 3*c - 109 = -v*m. List the prime factors of c.
43
Let n(i) = -i**3 - 5*i**2 + 4*i - 8. Let h be n(-6). Suppose -12 = h*y - 0. List the prime factors of y - 0 - (-42)/7.
3
List the prime factors of ((-24)/6 - 2) + 252.
2, 3, 41
Let w(d) = -289*d**3 + 3*d**2 + 12*d - 3. What are the prime factors of w(-2)?
2297
What are the prime factors of ((-1390)/(-4))/(40/480)?
2, 3, 5, 139
Let o(r) be the third derivative of -r**4/24 + 22*r**3/3 - 4*r**2. Let y be o(0). Let k = y + -26. List the prime factors of k.
2, 3
Suppose -d - 11 = 5*i, -2 = 3*i + 10. Suppose d*t = 4*t + 400. List the prime factors of t.
2, 5
Let v = 28 - -193. List the prime factors of v.
13, 17
Suppose h + 0*h = 49. Let t = h - -49. Suppose 2*y = -0*y + t. What are the prime factors of y?
7
Let u(z) = -z**2 - 10*z - 4. Let r be u(-9). Suppose -4*h + 99 = r*q, 108 = 5*h - 0*h + q. List the prime factors of h.
3, 7
Suppose d + 6 = -5*z, 2*d + 48 = -0*z + 2*z. Let m(s) = s**2 + 17*s + 49. What are the prime factors of m(d)?
7, 19
Let h = 4 - 2. Let w(a) = 0*a**2 + 2*a**h - a**2 + 2 + a. List the prime factors of w(0).
2
Let y 